 - (-65 - -76)?
-7
(16 - -1) + 0 + -1 + -27 + 22
11
What is the value of 1 + -67 + (78 - 37)?
-25
Evaluate (4 - (0 - 2)) + -8 + -3 + 10.
5
What is (1 + 1 - -7 - (237 - 222)) + -11?
-17
What is the value of (-1 + 1 - 8) + -637 + 655?
10
Evaluate -9 - (-16 + (3 - ((4 - 3) + -7))).
-2
-9 + 7 - -6 - (3 - 8)
9
What is the value of 86 + -73 - (4 + -2)?
11
What is the value of 24 + (-70 - (-7 - 21))?
-18
Evaluate 3 + (1 - 6) - 12.
-14
What is the value of (-4 - (0 - -2)) + (257 - 246)?
5
What is -40 - -35 - (-5 - 0) - -3?
3
Calculate 31 + (-27 - (11 + -16)).
9
Evaluate -1 + -2 + (-2 - -1) - (-59 - -60).
-5
What is the value of -242 + 225 - (1 - 4)?
-14
Evaluate -10 + (10 - 0) + 0 + -3.
-3
What is the value of -7 - ((1 - 0) + -25 + 3 + 1)?
13
What is the value of -11 - (-12 + 1 + 27 + -5)?
-22
What is the value of 43 + -6 + -6 - (-3 + 12)?
22
What is the value of -2 + -3 + 9 - ((10 - 9) + 1)?
2
Evaluate 0 + 1 + 14 + -6 + -12.
-3
(-23 - -9 - -24) + -37
-27
Calculate 13 + -41 + 28 + (0 - -20).
20
Evaluate -3 - -3 - 10 - (-13 + 5).
-2
-13 + (-6 + 11 - 6)
-14
Evaluate (-6 - 8) + 11 + (9 - 7) + 24.
23
0 + 22 + -16 + -3 + 8
11
Calculate 39 + -24 + (0 - 6 - -3) + 12.
24
Calculate 6 + 0 + -9 + 7 + -1.
3
Calculate 6 + -2 + 4 - (16 + -16 + 19).
-11
Calculate (-1 - 0) + (45 + -36 - (-4 + 19)).
-7
Evaluate 2 + (1 - 3) + 47 + -8 + -43.
-4
Calculate 1 + -24 + -7 + -6 + 18 - 0.
-18
6 - (-8 + (2 - 4) + 4 - -11)
1
-13 + 24 + (10 - 16)
5
Evaluate -8 + -26 + 24 - (-3 - 1).
-6
Evaluate (-5 - 2 - 4) + 14.
3
Calculate (2 - -8) + (65 - 77).
-2
Evaluate 4 + 10 + -14 + 0 + 2 + -1.
1
What is the value of -2 + 2 - (-25 + 46 + -10)?
-11
What is (-9 - -3) + (5 - 0) - (0 - -2)?
-3
What is -1 + (3 - 2) - (-7 + 13) - -6?
0
Calculate -17 - (-15 + 24 + -25).
-1
-13 + 21 + -4 - -2
6
What is (-33 - -29) + -1 + (-4 - -13) + 16?
20
Evaluate -6 + 12 + (2 + (-1 - -5) - 9).
3
What is 2 + 15 + (0 - 2) + 1 - 6?
10
Calculate -3 + -14 + 15 + -16 + 3 - 4.
-19
Calculate 20 + 1 - (174 + -165).
12
What is -15 + (20 - (5 - 5))?
5
-21 + (18 - 9 - 1) + -8
-21
What is the value of -9 + (-5 + -4 + 0 - -5)?
-13
What is 36 + (3 - ((-12 - -16) + 2)) + -8?
25
What is (-4 - (-33 + 2)) + -54?
-27
(-4 - (-5 + 0)) + -5 + -2 + -6
-12
What is (2 - 32 - 22) + 4 + 14?
-34
Evaluate -12 - 21 - -11 - (-2 - -9).
-29
What is -176 + 180 + (2 - 0)?
6
What is 0 + -2 + 13 - (0 - (4 - 6))?
9
Calculate -15 + 7 + 9 - 26 - -8 - -5.
-12
What is -2 + -12 + 10 + 1?
-3
Calculate 22 + -5 - (-11 - (10 + -22)).
16
2 + 7 + 7 - (-5 - -17)
4
(24 - 34) + 8 + (1 - (-1 - 0))
0
What is (-6 - -15) + 29 + -54?
-16
What is the value of 0 + 20 + 4 + -9 - 1?
14
What is -12 + -14 + 11 + 1 - -1?
-13
What is the value of ((-3 - -7) + -2 - (115 + -122)) + 7?
16
Evaluate (2 - 10) + (-8 + 4 - -13).
1
What is the value of (5 - 0) + (339 - 349)?
-5
What is 1 + -7 + 14 - (30 + -30)?
8
What is 26 - 32 - 6 - -7?
-5
Evaluate (0 - (8 + -14)) + -23 - (6 + -14).
-9
-7 - (-6 + -3 + (20 - 15) + 5)
-8
-1 - (-2 - (-2 - 7))
-8
Evaluate 5741 - 5742 - (0 + 0 - (0 - 4)).
-5
13 + -20 + (-2 - ((-5 - -7) + -2))
-9
What is (-3 - -43) + 271 + -290?
21
Calculate 16 - (-26 + 26) - (-4 + -4).
24
Evaluate 184 - 191 - (-1 - (1 - 8)).
-13
Evaluate 14 + -46 + 21 + 27.
16
Calculate 20 - (23 - 24 - -18).
3
7 + -13 - (-23 - -19)
-2
Calculate -6 + (-8 + 37 - 3).
20
What is the value of 2 + -28 + 12 + 10?
-4
-1 + 13 + -30 + 5 + -2 + -11
-26
What is -1 - ((3 + -1 - -8) + 10 + -9)?
-12
-6 - -2 - 3 - (7 - 12)
-2
Evaluate -7 + 25 - -8 - 37.
-11
Calculate (-2 - (-32 - 0)) + 150 + -145 + 5.
40
What is (-5 - (7 - 19)) + 2?
9
What is the value of (3 - (-7 - -3)) + (29 - 11) + -36?
-11
(1 + -3 - (-9 - -2)) + -129 + 130
6
What is the value of (-3 - -1 - -1) + (28 + -146 - -139)?
20
-27 - 11 - -15 - -47
24
What is the value of 0 + 36 + 9 + -12 + (-364 - -358)?
27
What is (-1 - -7 - 2) + 12 + -9?
7
Evaluate 0 + (4 - -3) - 23 - -5.
-11
What is the value of 4 - (-14 + 27 + -45)?
36
19 + -3 + 2 + -12 + 2 + 10
18
What is the value of -13 - ((14 - 25) + 10)?
-12
Calculate 6 - (0 - 1 - 4 - 4).
15
25 + -20 + 3 + 2 - -2
12
Evaluate (75 - 1) + (-289 - -243).
28
Evaluate -5 - -1 - (-5 + -7 + -1 - -10).
-1
Evaluate -4 - -11 - (-8 - (-6 + 5)).
14
What is -7 + (-6 - (-6 + 7 + 3)) + 6?
-11
What is the value of 9 + (6 - 17) + 6 + 1?
5
Calculate -2 + -8 + -7 + 32 - 51.
-36
Calculate -168 - -158 - (2 + -27) - 38.
-23
Evaluate -15 - (-10 - 2 - 3).
0
-5 - (-29 - (8 + -31))
1
Evaluate -1 - (-8 + (0 - (-4 - 1))) - -2.
4
Calculate (2 - -1) + -32 + 26.
-3
Evaluate 7 - -5 - 7 - (6 - -5).
-6
(-18 - -9) + -4 + 24
11
Calculate (160 - 186) + -4 + (1 - 2).
-31
Evaluate -18 + -9 + (20 - 8) - (5 - 1).
-19
Calculate -83 - (-36 + -7) - -13.
-27
What is the value of 24 + -44 + 21 + -22?
-21
12 + -117 + 136 + (0 - -2)
33
What is the value of -24 + -2 + 18 + -11 + 7 + -5?
-17
Calculate -40 - (8 + (-1 - 8) - 9 - 1).
-29
Evaluate (1 - -3 - 11) + 11.
4
Calculate -1 + 0 - (2 - -5).
-8
Evaluate -6 + (-5 - -14 - 5) + -4 + 2.
-4
Evaluate -3 - 6 - (10 + -19).
0
Evaluate 25 + 9 + -38 - 13.
-17
Evaluate 4 - ((-291 - -297) + (-1 - (-1 + -21))).
-23
Calculate 27 - (-1 + 14) - 13.
1
What is -3 - (-19 + 17 - -13)?
-14
Calculate 29 - (24 - (32 - 15)).
22
-2 + (-16 - -17) + -8 - (-33 + 0)
24
Evaluate 6 + (-2 + -9 + 8 - 10).
-7
(30 - 30) + 11 + -25
-14
What is -8 - (14 + 0 + (-112 - -89))?
1
(-5 - 0) + -11 + (-19 - -12) + 14
-9
Calculate -7 + 17 + -27 + 35.
18
Evaluate -1 + -5 + (6 - -1 - 18) + 2.
-15
Calculate -42 - -52 - (-7 + 12 + -4).
9
What is the value of (7 - (-6 - -9) - 3) + -9 + -8?
-16
Evaluate -8 + -9 + 10 + -3 - 8.
-18
What is the value of (21 - 30) + -1 - -17?
7
Evaluate -272 + 300 + (-4 - 6).
18
Calculate -53 + -39 - -28 - -42.
-22
Evaluate 4 + (9 - 4) + 0 + -1.
8
Calculate 2 + -2 - (-11 - -3).
8
Calculate -3 - (-8 + 1 + 58 + -59) - 7.
-2
Evaluate 1 + -9 - (-37 + 15 + 27).
-13
-12 - -8 - (2 + 0)
-6
Evaluate -28 + 6 + 1 + -5 + 8.
-18
Calculate -20 + (-6 - (2 + -19)) - (-4 - -1).
-6
Calculate -9 + 25 + -21 + 1 + 32 + -4.
24
31 - (81 + -22) - -25
-3
Evaluate 17 - (-16 - -15 - -15).
3
What is -12 + -3 + 6 + -6?
-15
-9 + (17 - (3 + 14 - -14))
-23
Evaluate 19 + (-36 + 15 + 19 - -6).
23
14 + -8 + -2 + (3 - -2) + -7
2
Calculate (11 - 11) + (-1 - (-21 - -14)).
6
Evaluate (133 - 128) + 10 + -26.
-11
10 - (-5 - -30 - -12) - -7
-20
What is -12 + (-9 - -15) + (2 + -4 - -1)?
-7
Evaluate 4 + -5 + (0 - 4) - (-28 + 34).
-11
What is 37 - ((-34 - -28) + (20 - 4))?
27
(-4 - -18) + (1 + -39 - -1)
-23
Calculate -5 + 6 + -5 - (6 - (-1 + 6)).
-5
Calculate -3 - 0 - (-5 - (-4 - (-5 + -2))).
5
Evaluate -14 - (-36 + 10) - 24.
-12
What is (28 - 15 - -8) + 8?
29
Evaluate 0 + (3 - 8) + (3 - -8) + 12.
18
Evaluate -1 + 8 - (-51 + 28 - -8).
22
What is the value of (-21 - 11 - -13) + -6 + -5?
-30
What is -17 + 30 + -3 - -15 - (3 + 1)?
21
What is the value of (20 - (-16 - -5)) + -11?
20
Evaluate -10 - (1 + -2) - (35 + (-30 - 13)).
-1
(49 - 49 - (0 - 5)) + -2 - 0
3
Evaluate (3 + -4 - -7) + (-6 - (-8 - 0)).
8
What is -8 - (7 - (-14 + 35))?
6
Calculate -2 + 5 + -1 + 4.
6
86 + -61 + (-1 - 2)
22
(-40 - (-1 - 19)) + 20
0
Calculate 10 - (18 - -17 - 24).
-1
1 + -5 + ((10 - 3) + -9 - 11)
-17
What is -17 + 8 + 7 - -7 - 9?
-4
Evaluate 35 + -2 + (12 + -10 - 13).
22
What is the value of (19 - 1 - 15) + -4?
-1
Evaluate 10 - -3 - (-345 - -367).
-9
Calculate (35 - 0 - 41) + 39 + -1.
32
Evaluate (3 - -5) + 18 + (-14 - 22).
-10
What is the value of (-16 - -12) + (-2 - -1) - -4?
-1
(18 - 43) + (-21 - -80)
34
What is -27 + 9 + -3 + 12 + 21?
12
Calculate 8 + 11 - (95 - 48).
-28
Evaluate 3 + (44 + -10 - 15).
22
What is 1 - (9 - (15 + (8 - 2)))?
13
What is the value of -4 + 3 + (-12 - -11) - -4?
2
47 - 37 - (18 + 1)
-9
Calculate -5 - (6 - (11 - 5)).
-5
What is the value of 2 + 2 + -19 + -49 + 51?
-13
What is the value of -14 + -5 - (0 - (-1 - -6))?
-14
What is (-6 - 3) + (-48 - -45)?
-12
8 - (-23 + 26 + 9 + -5 + 2)
-1
What is the value of (-15 - -4) + (36 - 34)?
-9
What is 3 - 4 - (-11 - -2) - 8?
0
Evaluate 7 + -1 - 1 - (16 - 2).
-9
Calculate -31 + (100 - 28) + -14.
27
Calculate -17 + 7 + 20 + -2 - 12.
-4
54 + -43 - (7 + -4)
8
What is (32 - 6) + (6 - (-8 + 22)) + -6?
12
Evaluate 11 + (15 - (60 + -27)).
-7
Calculate -2 - -5 - (-1 + 8).
-4
Evaluate 3 + -19 + (26 - -5) - 23.
-8
Evaluate 11 + 